) = -l**3 - 12*l**2 - 34*l - 11. Give i(-8).
5
Let n(o) = -o**3 + 15*o**2 - 14*o + 8. What is n(14)?
8
Let x(a) = 4*a**3 - 24*a**2 - a + 4. Determine x(6).
-2
Let h(a) = a**3 + 9*a**2 - 52*a + 5. Determine h(-13).
5
Let y(k) = -5*k - 36. What is y(4)?
-56
Let f(m) = 2*m**2 + 2*m + 10. Give f(-5).
50
Let o(k) = k**3 - 35*k**2 + 44. What is o(35)?
44
Let q(o) = -3*o + 13. What is q(6)?
-5
Let d(p) = -p**2 + 3*p + 16. Give d(6).
-2
Let u(l) = -10*l - 5. Give u(4).
-45
Let h(r) = r**3 - 14*r**2 + 10*r - 16. Calculate h(13).
-55
Let r(t) = -t**2 + 6*t - 1. What is r(5)?
4
Let y(p) = -p**3 - 10*p**2 - 4*p. What is y(-9)?
-45
Let l(q) = 33*q + 10. Give l(3).
109
Let z(y) = -y**2 + 28*y + 62. Calculate z(28).
62
Let w(m) = 10*m + 75. Give w(-7).
5
Let p(f) = 131*f + 914. Give p(-7).
-3
Let i(n) = -19*n - 4. Determine i(4).
-80
Let b(h) = 4*h**3 + 9*h**2 + 8*h - 2. Give b(-1).
-5
Let g(y) = y**3 + 17*y**2 - 5*y + 7. Give g(-17).
92
Let w(b) = -b**2 - 5*b + 8. What is w(-7)?
-6
Let d(v) = -v**2 - 4*v - 4. What is d(-3)?
-1
Let d(x) = -3*x**3 + 13*x**2 - 3*x + 7. What is d(4)?
11
Let s(b) = 3*b - 6. Calculate s(-8).
-30
Let a(n) = 5*n - 1. Calculate a(5).
24
Let i(u) = u**2 + 28*u - 148. What is i(-33)?
17
Let c(k) = -105*k - 1. Determine c(1).
-106
Let h(k) = -k**3 - 8*k**2 - 2*k + 14. Give h(-7).
-21
Let p(o) = 84*o**3 - o. What is p(-1)?
-83
Let l(g) = g + 8. Determine l(-6).
2
Let a(q) = -q**3 + 3*q**2 + 15*q - 18. Give a(5).
7
Let x(z) = -37*z - 76. Calculate x(-2).
-2
Let u(o) = o**3 - 5*o**2 - o + 26. Give u(4).
6
Let j(l) = -3*l - 10. Give j(10).
-40
Let n(z) = z**2 - 7*z + 2. Calculate n(5).
-8
Let g(m) = -2*m**2 - 11*m - 7. Determine g(-4).
5
Let s(i) = -3*i - 40. Give s(6).
-58
Let q(m) = 10*m + 160. Give q(-22).
-60
Let z(r) = r + 16. Calculate z(-23).
-7
Let u(s) = -s**3 + s**2 + 18*s - 7. Give u(5).
-17
Let k(i) = 2*i**2 - i - 14. Determine k(-3).
7
Let b(g) = -g**2 + 6*g - 9. What is b(5)?
-4
Let y(k) = -3*k**3 - 44*k**2 + 14*k - 13. Determine y(-15).
2
Let o(c) = -c**3 + 5*c**2 - c. Calculate o(4).
12
Let q(b) = -4*b**3 - b**2. Determine q(-1).
3
Let z(o) = o**3 + 52*o**2 - 104*o + 216. Determine z(-54).
0
Let l(k) = k**2 - 16*k - 20. Calculate l(18).
16
Let p(v) = 19*v - 7. Give p(-3).
-64
Let a(v) = 18*v + 63. Calculate a(-4).
-9
Let q(g) = g**2 - 9*g + 14. Calculate q(9).
14
Let a(h) = -h**2 - 3*h + 11. Calculate a(3).
-7
Let u(l) = 55*l**2 + 3*l + 3. Give u(-1).
55
Let k(w) = w - 18. Give k(9).
-9
Let d(j) = j**2 - 4*j + 7. Determine d(4).
7
Let t(p) = -44*p**2 + 3*p - 5. What is t(2)?
-175
Let u(a) = a**2 + 8*a - 4. What is u(5)?
61
Let b(w) = 15*w**3 - w - 3. Give b(-2).
-121
Let y(v) = 18*v + 374. Give y(-20).
14
Let h(v) = -3*v + 16. Calculate h(12).
-20
Let u(j) = j**2 + 2*j + 14. Calculate u(0).
14
Let p(w) = -w**2 + 22*w - 102. Give p(11).
19
Let u(j) = 13*j**3 - j. Give u(1).
12
Let k(i) = -i - 5. Calculate k(-8).
3
Let q(b) = 2*b**2 + 5*b + 6. Give q(-3).
9
Let i(o) = -7*o - 208. Determine i(-30).
2
Let x(m) = -m**3 - 2*m**2 - m + 2. Give x(-3).
14
Let a(l) = 2*l**2 + 12*l - 486. Calculate a(13).
8
Let g(x) = -x**3 - 10*x**2 + 14*x + 26. Determine g(-11).
-7
Let y(q) = -6*q**3 - 3*q**2 - 3*q. What is y(-2)?
42
Let g(f) = -f**3 - 17*f**2 - 29*f + 13. Calculate g(-15).
-2
Let d(l) = 5*l**2 - 5*l - 5. What is d(-2)?
25
Let o(i) = -35*i + 1. Determine o(-1).
36
Let d(c) = -c**3 - 27*c**2 - 26*c + 27. Give d(-26).
27
Let a(j) = j**3 - 2*j**2 - 4*j + 3. Give a(3).
0
Let m(q) = 37*q + 190. Determine m(-5).
5
Let q(y) = -7*y**2 + 2*y - 1. Give q(2).
-25
Let c(n) = -n**2 + 3*n - 7. Determine c(6).
-25
Let o(v) = 70*v - 217. Give o(3).
-7
Let q(v) = v**2 + 35*v - 43. What is q(-36)?
-7
Let i(k) = 2*k**3 + 56*k**2 + 5*k + 149. Give i(-28).
9
Let f(c) = 4*c**3 + c**2 + c. What is f(-1)?
-4
Let j(u) = -u**2 + 3*u + 8. Calculate j(4).
4
Let c(s) = s**2 + 7*s + 11. Give c(-9).
29
Let i(p) = -p**3 - 5*p**2 - 2*p - 1. Give i(-3).
-13
Let b(k) = -k**2 - 12*k - 26. What is b(-8)?
6
Let j(v) = -v**2 + 7*v - 16. Calculate j(8).
-24
Let h(t) = -t**2 + 14*t - 7. What is h(13)?
6
Let k(v) = -10*v**3 + 2*v**2 - 3*v + 4. What is k(1)?
-7
Let u(k) = -k**3 - 8*k**2 - 16*k - 15. Determine u(-4).
-15
Let z(i) = -43*i**3 - 4*i + 3. Give z(1).
-44
Let z(x) = x**3 - 4*x**2 - 5*x - 1. What is z(4)?
-21
Let w(x) = -x**2 - 11*x - 24. Calculate w(-9).
-6
Let l(v) = 3*v. Give l(-17).
-51
Let g(o) = -7*o + 54. Calculate g(17).
-65
Let r(i) = 83*i + 10. What is r(-1)?
-73
Let c(w) = -3*w**2 + 22*w - 18. Determine c(8).
-34
Let j(q) = -7*q + 40. Determine j(5).
5
Let v(o) = 10*o + 34. Give v(-3).
4
Let h(l) = -l**3 + 3*l**2 - 4*l + 10. Determine h(3).
-2
Let o(r) = r**3 + 8*r**2 + 14*r - 6. Calculate o(-5).
-1
Let q(u) = -2*u + 31. Determine q(-7).
45
Let g(p) = -p + 21. What is g(10)?
11
Let x(l) = -l**2 + 9*l - 9. Determine x(7).
5
Let y(b) = 2*b**2 - 38*b - 7. Determine y(21).
77
Let b(u) = u**2 - 5*u - 5. Calculate b(5).
-5
Let h(t) = 76*t - 4. Determine h(-2).
-156
Let c(z) = -z**3 + 25*z**2 - 24*z - 27. What is c(24)?
-27
Let x(v) = v**3 - 8*v**2 - 5*v - 10. Determine x(8).
-50
Let u(p) = p**3 - 17*p**2 - 18*p + 4. What is u(18)?
4
Let k(y) = -51*y**2 + 2*y - 2. Calculate k(1).
-51
Let y(w) = 11*w + 28. Give y(-2).
6
Let g(z) = -3*z + 4. Calculate g(6).
-14
Let u(f) = -4*f**2 + 34*f + 1. What is u(9)?
-17
Let h(z) = 5*z**2 + 3*z. Calculate h(4).
92
Let z(j) = j**3 + 15*j**2 - 16*j + 15. Calculate z(-16).
15
Let d(q) = -2*q**2 + 3*q + 9. Give d(3).
0
Let r(c) = -3*c + 18. Calculate r(8).
-6
Let m(l) = 3*l + 54. Determine m(-18).
0
Let h(m) = -m**3 - 12*m**2 - 13*m + 11. Calculate h(-10).
-59
Let q(y) = y**3 - 12*y**2 + 13*y - 10. Calculate q(11).
12
Let s(d) = -4*d + 12. Determine s(7).
-16
Let b(j) = -j**2 + 6*j + 1. Give b(7).
-6
Let f(k) = -3*k - 7. What is f(-3)?
2
Let c(a) = -20*a - 14. Calculate c(0).
-14
Let h(m) = 9*m + 48. What is h(-5)?
3
Let t(g) = g**2 + 12*g - 43. What is t(-15)?
2
Let o(a) = 4*a + 25. What is o(-9)?
-11
Let y(m) = m**2 - 2*m - 4. Determine y(-4).
20
Let u(b) = 2*b + 7. Determine u(-9).
-11
Let d(s) = s**2 + 31*s + 85. Give d(-28).
1
Let x(o) = 5*o - 2. What is x(-4)?
-22
Let n(q) = 8*q + 6. Calculate n(5).
46
Let c(q) = -q**3 + 4*q**2 + 6*q - 22. Give c(6).
-58
Let z(y) = y - 9. What is z(4)?
-5
Let i(t) = t**2 + 7. Determine i(-3).
16
Let n(u) = -3*u + 31. Determine n(19).
-26
Let j(r) = 7*r**2 + 4*r + 2. What is j(-1)?
5
Let o(y) = -y**2 - 9*y + 20. Determine o(-10).
10
Let k(x) = x**2 - 4*x - 8. Determine k(7).
13
Let x(p) = p**3 + 10*p**2 - 2*p - 111. What is x(-9)?
-12
Let q(x) = x**3 - x**2 + x - 15. What is q(0)?
-15
Let k(a) = 69*a + 268. Determine k(-4).
-8
Let p(z) = 3*z + 7. Calculate p(4).
19
Let x(m) = 4*m + 211. Give x(-55).
-9
Let m(n) = n**3 + 34*n**2 + 36*n + 118. What is m(-33)?
19
Let m(v) = -14*v + 119. Calculate m(9).
-7
Let m(z) = -z**3 - z**2 - z + 4. Give m(0).
4
Let f(g) = -3*g**3 + 3*g**2 - 2*g + 3. Calculate f(2).
-13
Let f(s) = s**2 + 10*s - 13. What is f(-12)?
11
Let h(n) = 19*n - 150. What is h(9)?
21
Let f(t) = -t**3 - 21*t**2 - 18*t + 45. What is f(-20)?
5
Let j(i) = 118*i + 703. Calculate j(-6).
-5
Let z(u) = u**3 + 9*u**2 + 2. What is z(-9)?
2
Let v(d) = -7*d**2 - 77*d + 80. Determine v(-12).
-4
Let w(p) = 17*p**2 + p - 1. Calculate w(1).
17
Let k(g) = 2*g**3 - 2*g**2 - 3. Determine k(2).
5
Let l(y) = -y**3 - 10*y**2 - 8*y + 22. Calculate l(-9).
13
Let n(l) = -3*l**2 + 2*l + 3. Calculate n(-1).
-2
Let x(s) = -s**3 - s**2 + 4*s + 46. Give x(0).
46
Let c(q) = -q**2 - q + 24. Determine c(-7).
-18
Let z(a) = -5*a - 216. Give z(-40).
-16
Let t(g) = -g**3 + 7*g**2 + 5*g - 19. Calculate t(7).
16
Let s(r) = -3*r + 30. Calculate s(12).
-6
Let t(m) = 31*m - 86. What is t(3)?
7
Let g(u) = 7*u + 5. Determine g(-1).
-2
Let w(l) = -11*l - 3. Calculate w(-1).
8
Let r(i) = i**3 + 7*i**2 - 17*i + 16. What is r(-9)?
7
Let y(v) = 25*v**3 + 2*v + 2. Determine y(-1).
-25
Let r(o) = o**3 + 15*o**2 + 12*o - 22. Give r(-14).
6
Let j(y) = y**2 + y - 54. What is j(0)?
-54
Let d(q) = q**3 - 4*q**2 - 7*q - 2. Calculate d(5).
-12
Let q(m) = m**3 - 10*m**2 + 14*m - 49. Calculate q(9).
-4
Let u(v) = -5*v + 1. Give u(-3).
16
Let d(x) = -5*x - 3. Calculate d(-9).
42
Let d(o) = o**3 - 11*o**2 + 2. Determine d(11).
2
Let u(t) 